 + -2?
5
What is the value of 18 + -14 - 12 - (-2 - -2)?
-8
What is the value of ((3 - 1) + 1 - 1) + 3?
5
What is (13 - 6) + (-9 - -4)?
2
Calculate 4 + (1 - 1) - (-12 - -18).
-2
What is the value of (43 - 33) + -10 + -2?
-2
What is 16 - 23 - (4 + -1 - 14)?
4
What is 7 + -7 - (1 + 1)?
-2
What is -4 - -4 - (4 - 6)?
2
Calculate -2 + 1 + -5 + 2 + 0.
-4
What is the value of 0 + -2 + 8 + 4 + -12?
-2
Evaluate 1 - (-1 + (-1 - 0 - -2)).
1
Evaluate -1 + (1 - -3) - -4.
7
What is the value of -7 - -1 - (0 - (9 + -6))?
-3
What is the value of -4 + (-3 - 0 - (-2 - 9))?
4
Evaluate (-5 - -3) + (9 - 12).
-5
What is the value of (0 - 14) + 12 + (8 - 13)?
-7
2 - ((21 - 7) + -7)
-5
What is 1 + (-1 + 11 + -5 - 0)?
6
What is the value of -10 + ((-1 - 3) + 2 - -6)?
-6
-1 + (5 - (8 + -4 + -5))
5
Calculate 85 - 89 - (-5 - 0 - -1).
0
-2 + 5 + 8 + -6
5
Evaluate 39 - 41 - (12 + 1) - -7.
-8
What is the value of -4 + (3 + -3 + 3 - 0)?
-1
Evaluate (1 - 5) + (8 - (11 + -5)).
-2
Calculate 4 + -4 + (-12 - -6) + 5.
-1
What is the value of -4 + 0 + (-5 - -21) + -20?
-8
-7 + 13 - (2 - (0 - 2))
2
What is (-1 - (-5 + 9)) + (1 - -2)?
-2
Calculate 5 + -7 - (0 - 3).
1
Evaluate -6 + 3 + 2 + -4.
-5
Evaluate 5 - (12 + -7 + 3).
-3
Calculate (-8 - -1) + 95 + -81.
7
(-5 - (-1 - (11 + -7))) + -4
-4
What is the value of (-129 - -124) + (0 - -9)?
4
Calculate (-5 - (13 + -13)) + 1 + 1.
-3
What is -12 - -14 - (0 - 3)?
5
6 - 2 - 3 - (0 + -3)
4
What is the value of -8 - (-4 - -1) - (-5 - 0)?
0
What is 0 + 3 + 5 - 5?
3
5 - (8 - (4 - 3 - -1))
-1
-5 + (6 - 4) + 2
-1
Evaluate -4 - (-3 - (-2 - -1)).
-2
Calculate 11 + -7 + 6 + -3 + -3.
4
Calculate (0 - -3) + -82 + 80.
1
Evaluate 2 + -3 + (0 - -1).
0
What is -7 - -3 - (3 - (15 - 5))?
3
(0 - -2 - -1) + 14 + -20
-3
What is -9 + (7 + -5 - -3)?
-4
What is 5 + (-13 - (-5 - 0))?
-3
What is the value of -1 + 1 + -2 + -1 + 2?
-1
Evaluate ((0 - -5) + -7 - 1) + -1.
-4
Evaluate (-5 - (4 + -19)) + -12.
-2
What is 3 + -2 + 0 - -3?
4
What is (24 - 27) + -1 + 4?
0
Evaluate 2 + 3 + -6 + 4 + -5.
-2
Calculate (1 + 3 + 1 - 8) + -3.
-6
What is 4 - (0 - (-2 + (-2 - -5)))?
5
What is 9 + 3 + -12 + (-4 - -1)?
-3
Calculate 7 - ((5 - -2) + 0 + -3).
3
-5 - -4 - (-4 + 3)
0
What is the value of -2 + -2 + 0 - (28 + -27)?
-5
Evaluate (-2 - 4 - -4) + -1.
-3
What is the value of -4 - -4 - (-2 - -4)?
-2
What is the value of -3 + -5 + 4 + 0 + 3?
-1
Evaluate 3 + -14 + -2 + (3 - -4).
-6
3 + -4 - -6 - (-5 - -14)
-4
What is -5 - (-7 - (1 - 4))?
-1
What is the value of -2 + (1 - (-6 + 2 + 0))?
3
What is (-2 - -6 - -1 - 8) + 3?
0
What is the value of (-2 - -14) + -5 + 0 + -17?
-10
4 + -11 + 2 + 1
-4
Evaluate (-17 - (0 + -11)) + 0.
-6
Calculate -2 + (-7 + 6 - (0 + 1)).
-4
What is -11 + 4 - -6 - (-1 - -1)?
-1
What is the value of (-1 - 1) + (12 - 6)?
4
What is the value of -6 + 2 - (-2 + 1)?
-3
71 + -72 + -2 + 11
8
What is the value of (3 - 3) + -5 + 3?
-2
What is -7 + 11 - 21 - -13?
-4
Calculate (-11 - -17) + (-7 - -1) + -6.
-6
Calculate (-105 - -104) + (0 - 1) + 4.
2
What is the value of -7 - (0 - 3) - -5?
1
What is 4 - -1 - (-39 + 48)?
-4
What is -1 + (-2 - -2) - (-56 - -54)?
1
What is -2 + 7 - (-11 + 12)?
4
What is the value of 3 + 1 + (4 - (9 - 0))?
-1
2 + -3 + (9 - 4)
4
What is the value of (4 - (6 - 2)) + 2?
2
((1 - -1) + -1 - 0) + -1
0
What is (-27 - -29) + (0 - -2) + -1?
3
0 + 2 - (6 + -5 + -3)
4
Calculate 45 + -54 - (-3 - 11).
5
What is the value of 3 - (-1 - -4 - -1)?
-1
10 - (1 + -7 + 11)
5
Evaluate 2 + -7 + (6 - 1).
0
What is 1 + -2 + (4 - 4)?
-1
What is (-3 - 1) + 3 + 2?
1
Calculate -6 + 10 - (9 - 3 - 2).
0
What is 43 + -42 + 3 + -1?
3
Calculate 1 - (-3 + (6 - -1)) - -2.
-1
What is 5 + -2 - (-6 - -2 - -3)?
4
-7 + (3 - -1 - (-2 + 4))
-5
What is the value of 1 - (-7 + 0 - -9)?
-1
Evaluate 6 + (-4 - 8) - 1 - -2.
-5
Calculate (7 - (-2 - -5)) + 0.
4
Evaluate -3 + (1 - 5) + 4.
-3
0 + 4 + (5 - 14)
-5
Calculate 3 - 2 - (28 - 28).
1
Calculate -3 - -1 - (8 + -13).
3
What is -30 + 25 - (-2 + (-3 - 0))?
0
Calculate (-4 - -4) + 1 + 1.
2
Calculate -2 - (2 - (4 - 0 - 2)).
-2
Calculate -5 + 0 + 15 + 1.
11
What is 3 - 3 - (6 + -15 - -10)?
-1
What is (3 - -1) + -3 + (2 - 3)?
0
What is the value of -6 - -2 - (-5 - -7)?
-6
Calculate -10 + 9 - (-1 + 4).
-4
Evaluate 1 - (7 + (-11 - -10)).
-5
What is 5 + -8 + 0 + 4 + -3?
-2
What is the value of (0 - 14 - -13) + (-2 - 1)?
-4
What is the value of -45 + 38 + 2 + 1?
-4
Evaluate 13 - (1 - -7) - (4 - -1).
0
What is (-8 - -4) + -1 + 8 - 3?
0
What is the value of -2 - (0 - (2 - -2))?
2
What is the value of -13 - (0 + -2 + -7)?
-4
Calculate 17 - (6 + -10 - -17).
4
2 + 1 - -3 - (-16 + 24)
-2
Evaluate (-4 - 0) + 5 + -1.
0
What is the value of -4 + (-4 - -11 - (-2 - -5))?
0
-5 + (0 - (1 + 0) - -2)
-4
What is the value of 4 + -4 + (-3 - 11) - -6?
-8
What is the value of 0 + 2 + (-4 - 1)?
-3
What is the value of (-1 - -1) + 5 - 6?
-1
Calculate 2 - ((-9 - -6) + -2).
7
Evaluate 10 - 2 - (-4 - -11).
1
Calculate -10 + (-4 + 6 - -3).
-5
7 + (4 - -4) + -8 - 3
4
What is the value of 34 + -19 - (-3 - -14)?
4
What is the value of -2 - -2 - (0 - 4)?
4
Evaluate 21 + -20 - (2 - -2).
-3
What is the value of -14 + 0 - (1 + -11)?
-4
-1 + -1 + (34 - 33)
-1
What is -1 + (-2 - 5) + 3 + 5?
0
Calculate (-3 - -1) + (30 - 23).
5
37 - 43 - (-2 - 0)
-4
-2 - -1 - 1 - 4 - -11
5
Calculate -16 + (-7 + 10 - -8 - 3).
-8
Calculate (-7 - (-4 + 4 + -5)) + -4.
-6
-10 + -1 + 0 + 9
-2
What is the value of (-37 - -38) + 0 + 5?
6
Calculate 36 + -31 + (-1 - 4).
0
What is the value of -7 + 10 + 2 + 1 - 2?
4
What is the value of 7 + -7 + (1 - 0)?
1
What is 6 - (3 - 3 - -10)?
-4
What is the value of -3 + (-9 - -4) - -3?
-5
What is the value of (-4 - -3) + (4 - 5)?
-2
(2 + 2 - (1 - 1)) + -3
1
-2 - -3 - 2 - -3
2
What is the value of 6 + (-10 - -5) + -4 - -3?
0
-7 - -5 - 1 - (-2 - 1)
0
2 + 2 + 2 + -3
3
1 + -5 + (0 - -2) - -3
1
-5 + 2 + -6 - (-3 - 1)
-5
What is the value of (-14 + 7 - -6) + -1?
-2
What is -1 + 13 + -4 + -4?
4
Calculate -4 - (5 - (-1 + 5)).
-5
What is 51 + -56 + (-1 - -4)?
-2
What is the value of -4 + (-1 - ((-5 - 6) + 1))?
5
Evaluate (1 - (-1 + 2)) + -3.
-3
What is (-4 - -3) + 0 - -7?
6
Evaluate 2 - -3 - (18 + -8).
-5
What is the value of -1 + 0 - (-16 - -10 - -12)?
-7
42 + -39 + (-1 - -1)
3
Calculate -5 + (-6 - -5) + (1 - 0).
-5
Calculate (-6 - (1 - 6)) + 4 + -1.
2
What is the value of 2 + 1 + -8 - (-2 - 1)?
-2
What is -3 - ((6 + -5 - -3) + -2)?
-5
Evaluate 20 - 17 - (-1 - -4).
0
What is the value of (-1 - 5) + 12 - 12?
-6
Evaluate -9 + (-1 + 2 + 7 - 4).
-5
Calculate -9 + 17 + (-12 - 2).
-6
What is 10 - (6 + (4 - 2 - 4))?
6
Calculate (5 - 6 - -7) + 4 - 4.
6
What is 6 + -1 + (-2 - 4) + 6?
5
What is 1 - ((2 - 0) + -2)?
1
Calculate 0 + -4 + 16 - 5.
7
What is -6 + (-4 - (-2 + -8))?
0
Calculate -11 + 5 + (4 - 1).
-3
Calculate -52 + 52 - ((-1 - -1) + 4).
-4
What is the value of -6 - 1 - (-2 - (20 - 12))?
3
Calculate -41 + 37 + (0 - 0).
-4
What is 10 + 0 + (2 - -7) + -14?
5
What is the value of -13 + -9 - -8 - -9?
-5
Evaluate -7 + 3 + -2 + -2 + 4.
-4
What is -5 + -1 + 6 + 1 + 2?
3
What is the value of 4 - (2 + -1 + 8)?
-5
What is the value of 1 + 4 + -1 - -2?
6
What is (-7 - -10) + -13 - -4?
-6
What is the value of (-4 - -3 - -2) + (-6 - -6)?
1
6 + (-2 - -2) + -9 + -2
-5
What is the value of -6 + 2 + (4 - (6 - 4))?
-2
Evaluate 0 - (-2 + 6 + -8).
4
Calculate (0 - -3 - -8) + 3 + -8.
6
Calculate 3 + -2 - (-2 - (-2 - -3)).
4
Calculate 4 + (8 - 16) + 9.
5
Evaluate 5 - (5 - 8 - -5).
3
0 + -4 + 8 + (-23 - -12)
-7
Calculate 1 + 7 - 9 - 5.
-6
-5 - -6 - 7 - -2
-4
Evaluate -9 + 11 + -6 - 5.
-9
What is the value of -4 + 2 + 1 + 4?
3
What is the value of (0 - 4) + (-3 - -5) + 1?
-1
What is the value of -9 - (5 - (-12 - -22))?
-4
(-4 - -2 - -2) + (-4 - -1)
-3
What is the value of -2 - 3 - (-1 + 2 - 3)?
-3
Evaluate 1 + 7 + -6 + 5.
7
What is the value of 4 + (0 + 5 - 5)?
4
-4 + 1 - (-29 - -34)
-8
What is -18 + 11 + 5 - -7?
5
What is the value of 12 + (0 - 12 - -5)?
5
Calculate 17 + -13 - (0 - -1).
3
Evaluate (-24 - -32) + (-7 - 0).
1
Calculate -1 + -3 + 4 + 3.
3
What is the value of -3 + -10 + 20 - 10?
-3
3 + 0 + (-16 - (-10 - -2))
-5
Evaluate 1 + 3 - 2 - -3.
5
Calculate -3 - -5 - (-1 + 5 + -1).
-1
Evaluate (-2 - -4 - 1) + 6 - 2.
5
What is the value of (-1 - 6) + 9 - 11?
-9
What is the value of 22 + -27 + (1 - (5 